{"id":52,"date":"2025-08-26T11:28:34","date_gmt":"2025-08-26T11:28:34","guid":{"rendered":"https:\/\/krisztinafaludi.dk\/?page_id=52"},"modified":"2025-09-03T08:18:09","modified_gmt":"2025-09-03T08:18:09","slug":"om-krisztina","status":"publish","type":"page","link":"https:\/\/krisztinafaludi.dk\/?page_id=52","title":{"rendered":"Om Krisztina"},"content":{"rendered":"\n<div class=\"wp-block-media-text has-media-on-the-right is-stacked-on-mobile is-image-fill-element\"><div class=\"wp-block-media-text__content\">\n<p>Mit navn er Krisztina Faludi, jeg er 47 \u00e5r og mor til tre dejlige teenagepiger. Jeg har over 20 \u00e5rs erfaring som zoneterapeut og en bachelor i Kristendom, kultur og kommunikation. <br><br>Min store passion er at g\u00f8re en forskel for mennesker \u2013 med b\u00e5de faglighed, empati og n\u00e6rv\u00e6r.<br><br><\/p>\n<\/div><figure class=\"wp-block-media-text__media\"><img loading=\"lazy\" decoding=\"async\" width=\"677\" height=\"1024\" src=\"https:\/\/krisztinafaludi.dk\/wp-content\/uploads\/2025\/08\/IMG_2516-677x1024.jpg\" alt=\"\" class=\"wp-image-194 size-full\" style=\"object-position:50% 50%\" srcset=\"https:\/\/krisztinafaludi.dk\/wp-content\/uploads\/2025\/08\/IMG_2516-677x1024.jpg 677w, https:\/\/krisztinafaludi.dk\/wp-content\/uploads\/2025\/08\/IMG_2516-198x300.jpg 198w, https:\/\/krisztinafaludi.dk\/wp-content\/uploads\/2025\/08\/IMG_2516-768x1162.jpg 768w, https:\/\/krisztinafaludi.dk\/wp-content\/uploads\/2025\/08\/IMG_2516.jpg 797w\" sizes=\"auto, (max-width: 677px) 100vw, 677px\" \/><\/figure><\/div>\n","protected":false},"excerpt":{"rendered":"<p>Mit navn er Krisztina Faludi, jeg er 47 \u00e5r og mor til tre dejlige teenagepiger. Jeg har over 20 \u00e5rs erfaring som zoneterapeut og en bachelor i Kristendom, kultur og kommunikation. Min store passion er at g\u00f8re en forskel for mennesker \u2013 med b\u00e5de faglighed, empati og n\u00e6rv\u00e6r.<\/p>\n","protected":false},"author":2,"featured_media":0,"parent":0,"menu_order":0,"comment_status":"closed","ping_status":"closed","template":"","meta":{"_uag_custom_page_level_css":"","footnotes":""},"class_list":["post-52","page","type-page","status-publish","hentry"],"yoast_head":"<!-- This site is optimized with the Yoast SEO plugin v26.1 - https:\/\/yoast.com\/wordpress\/plugins\/seo\/ -->\n<title>Om Krisztina - REFLEXOLOGY<\/title>\n<meta name=\"robots\" content=\"index, follow, max-snippet:-1, max-image-preview:large, max-video-preview:-1\" \/>\n<link rel=\"canonical\" href=\"https:\/\/krisztinafaludi.dk\/?page_id=52\" \/>\n<meta property=\"og:locale\" content=\"da_DK\" \/>\n<meta property=\"og:type\" content=\"article\" \/>\n<meta property=\"og:title\" content=\"Om Krisztina - REFLEXOLOGY\" \/>\n<meta property=\"og:description\" content=\"Mit navn er Krisztina Faludi, jeg er 47 \u00e5r og mor til tre dejlige teenagepiger. Jeg har over 20 \u00e5rs erfaring som zoneterapeut og en bachelor i Kristendom, kultur og kommunikation. Min store passion er at g\u00f8re en forskel for mennesker \u2013 med b\u00e5de faglighed, empati og n\u00e6rv\u00e6r.\" \/>\n<meta property=\"og:url\" content=\"https:\/\/krisztinafaludi.dk\/?page_id=52\" \/>\n<meta property=\"og:site_name\" content=\"REFLEXOLOGY\" \/>\n<meta property=\"article:modified_time\" content=\"2025-09-03T08:18:09+00:00\" \/>\n<meta property=\"og:image\" content=\"https:\/\/krisztinafaludi.dk\/wp-content\/uploads\/2025\/08\/IMG_2516.jpg\" \/>\n\t<meta property=\"og:image:width\" content=\"797\" \/>\n\t<meta property=\"og:image:height\" content=\"1206\" \/>\n\t<meta property=\"og:image:type\" content=\"image\/jpeg\" \/>\n<meta name=\"twitter:card\" content=\"summary_large_image\" \/>\n<meta name=\"twitter:label1\" content=\"Estimeret l\u00e6setid\" \/>\n\t<meta name=\"twitter:data1\" content=\"1 minut\" \/>\n<script type=\"application\/ld+json\" class=\"yoast-schema-graph\">{\"@context\":\"https:\/\/schema.org\",\"@graph\":[{\"@type\":\"WebPage\",\"@id\":\"https:\/\/krisztinafaludi.dk\/?page_id=52\",\"url\":\"https:\/\/krisztinafaludi.dk\/?page_id=52\",\"name\":\"Om Krisztina - REFLEXOLOGY\",\"isPartOf\":{\"@id\":\"https:\/\/krisztinafaludi.dk\/#website\"},\"primaryImageOfPage\":{\"@id\":\"https:\/\/krisztinafaludi.dk\/?page_id=52#primaryimage\"},\"image\":{\"@id\":\"https:\/\/krisztinafaludi.dk\/?page_id=52#primaryimage\"},\"thumbnailUrl\":\"https:\/\/krisztinafaludi.dk\/wp-content\/uploads\/2025\/08\/IMG_2516-677x1024.jpg\",\"datePublished\":\"2025-08-26T11:28:34+00:00\",\"dateModified\":\"2025-09-03T08:18:09+00:00\",\"breadcrumb\":{\"@id\":\"https:\/\/krisztinafaludi.dk\/?page_id=52#breadcrumb\"},\"inLanguage\":\"da-DK\",\"potentialAction\":[{\"@type\":\"ReadAction\",\"target\":[\"https:\/\/krisztinafaludi.dk\/?page_id=52\"]}]},{\"@type\":\"ImageObject\",\"inLanguage\":\"da-DK\",\"@id\":\"https:\/\/krisztinafaludi.dk\/?page_id=52#primaryimage\",\"url\":\"https:\/\/krisztinafaludi.dk\/wp-content\/uploads\/2025\/08\/IMG_2516.jpg\",\"contentUrl\":\"https:\/\/krisztinafaludi.dk\/wp-content\/uploads\/2025\/08\/IMG_2516.jpg\",\"width\":797,\"height\":1206,\"caption\":\"Screenshot\"},{\"@type\":\"BreadcrumbList\",\"@id\":\"https:\/\/krisztinafaludi.dk\/?page_id=52#breadcrumb\",\"itemListElement\":[{\"@type\":\"ListItem\",\"position\":1,\"name\":\"Home\",\"item\":\"https:\/\/krisztinafaludi.dk\/\"},{\"@type\":\"ListItem\",\"position\":2,\"name\":\"Om Krisztina\"}]},{\"@type\":\"WebSite\",\"@id\":\"https:\/\/krisztinafaludi.dk\/#website\",\"url\":\"https:\/\/krisztinafaludi.dk\/\",\"name\":\"REFLEXOLOGY\",\"description\":\"zoneterapi\",\"potentialAction\":[{\"@type\":\"SearchAction\",\"target\":{\"@type\":\"EntryPoint\",\"urlTemplate\":\"https:\/\/krisztinafaludi.dk\/?s={search_term_string}\"},\"query-input\":{\"@type\":\"PropertyValueSpecification\",\"valueRequired\":true,\"valueName\":\"search_term_string\"}}],\"inLanguage\":\"da-DK\"}]}<\/script>\n<!-- \/ Yoast SEO plugin. -->","yoast_head_json":{"title":"Om Krisztina - REFLEXOLOGY","robots":{"index":"index","follow":"follow","max-snippet":"max-snippet:-1","max-image-preview":"max-image-preview:large","max-video-preview":"max-video-preview:-1"},"canonical":"https:\/\/krisztinafaludi.dk\/?page_id=52","og_locale":"da_DK","og_type":"article","og_title":"Om Krisztina - REFLEXOLOGY","og_description":"Mit navn er Krisztina Faludi, jeg er 47 \u00e5r og mor til tre dejlige teenagepiger. Jeg har over 20 \u00e5rs erfaring som zoneterapeut og en bachelor i Kristendom, kultur og kommunikation. Min store passion er at g\u00f8re en forskel for mennesker \u2013 med b\u00e5de faglighed, empati og n\u00e6rv\u00e6r.","og_url":"https:\/\/krisztinafaludi.dk\/?page_id=52","og_site_name":"REFLEXOLOGY","article_modified_time":"2025-09-03T08:18:09+00:00","og_image":[{"width":797,"height":1206,"url":"https:\/\/krisztinafaludi.dk\/wp-content\/uploads\/2025\/08\/IMG_2516.jpg","type":"image\/jpeg"}],"twitter_card":"summary_large_image","twitter_misc":{"Estimeret l\u00e6setid":"1 minut"},"schema":{"@context":"https:\/\/schema.org","@graph":[{"@type":"WebPage","@id":"https:\/\/krisztinafaludi.dk\/?page_id=52","url":"https:\/\/krisztinafaludi.dk\/?page_id=52","name":"Om Krisztina - REFLEXOLOGY","isPartOf":{"@id":"https:\/\/krisztinafaludi.dk\/#website"},"primaryImageOfPage":{"@id":"https:\/\/krisztinafaludi.dk\/?page_id=52#primaryimage"},"image":{"@id":"https:\/\/krisztinafaludi.dk\/?page_id=52#primaryimage"},"thumbnailUrl":"https:\/\/krisztinafaludi.dk\/wp-content\/uploads\/2025\/08\/IMG_2516-677x1024.jpg","datePublished":"2025-08-26T11:28:34+00:00","dateModified":"2025-09-03T08:18:09+00:00","breadcrumb":{"@id":"https:\/\/krisztinafaludi.dk\/?page_id=52#breadcrumb"},"inLanguage":"da-DK","potentialAction":[{"@type":"ReadAction","target":["https:\/\/krisztinafaludi.dk\/?page_id=52"]}]},{"@type":"ImageObject","inLanguage":"da-DK","@id":"https:\/\/krisztinafaludi.dk\/?page_id=52#primaryimage","url":"https:\/\/krisztinafaludi.dk\/wp-content\/uploads\/2025\/08\/IMG_2516.jpg","contentUrl":"https:\/\/krisztinafaludi.dk\/wp-content\/uploads\/2025\/08\/IMG_2516.jpg","width":797,"height":1206,"caption":"Screenshot"},{"@type":"BreadcrumbList","@id":"https:\/\/krisztinafaludi.dk\/?page_id=52#breadcrumb","itemListElement":[{"@type":"ListItem","position":1,"name":"Home","item":"https:\/\/krisztinafaludi.dk\/"},{"@type":"ListItem","position":2,"name":"Om Krisztina"}]},{"@type":"WebSite","@id":"https:\/\/krisztinafaludi.dk\/#website","url":"https:\/\/krisztinafaludi.dk\/","name":"REFLEXOLOGY","description":"zoneterapi","potentialAction":[{"@type":"SearchAction","target":{"@type":"EntryPoint","urlTemplate":"https:\/\/krisztinafaludi.dk\/?s={search_term_string}"},"query-input":{"@type":"PropertyValueSpecification","valueRequired":true,"valueName":"search_term_string"}}],"inLanguage":"da-DK"}]}},"uagb_featured_image_src":{"full":false,"thumbnail":false,"medium":false,"medium_large":false,"large":false,"1536x1536":false,"2048x2048":false,"post-thumbnail":false},"uagb_author_info":{"display_name":"pasta sovs","author_link":"https:\/\/krisztinafaludi.dk\/?author=2"},"uagb_comment_info":0,"uagb_excerpt":"Mit navn er Krisztina Faludi, jeg er 47 \u00e5r og mor til tre dejlige teenagepiger. Jeg har over 20 \u00e5rs erfaring som zoneterapeut og en bachelor i Kristendom, kultur og kommunikation. Min store passion er at g\u00f8re en forskel for mennesker \u2013 med b\u00e5de faglighed, empati og n\u00e6rv\u00e6r.","_links":{"self":[{"href":"https:\/\/krisztinafaludi.dk\/index.php?rest_route=\/wp\/v2\/pages\/52","targetHints":{"allow":["GET"]}}],"collection":[{"href":"https:\/\/krisztinafaludi.dk\/index.php?rest_route=\/wp\/v2\/pages"}],"about":[{"href":"https:\/\/krisztinafaludi.dk\/index.php?rest_route=\/wp\/v2\/types\/page"}],"author":[{"embeddable":true,"href":"https:\/\/krisztinafaludi.dk\/index.php?rest_route=\/wp\/v2\/users\/2"}],"replies":[{"embeddable":true,"href":"https:\/\/krisztinafaludi.dk\/index.php?rest_route=%2Fwp%2Fv2%2Fcomments&post=52"}],"version-history":[{"count":12,"href":"https:\/\/krisztinafaludi.dk\/index.php?rest_route=\/wp\/v2\/pages\/52\/revisions"}],"predecessor-version":[{"id":204,"href":"https:\/\/krisztinafaludi.dk\/index.php?rest_route=\/wp\/v2\/pages\/52\/revisions\/204"}],"wp:attachment":[{"href":"https:\/\/krisztinafaludi.dk\/index.php?rest_route=%2Fwp%2Fv2%2Fmedia&parent=52"}],"curies":[{"name":"wp","href":"https:\/\/api.w.org\/{rel}","templated":true}]}}